{"id":162,"date":"2021-11-21T15:17:35","date_gmt":"2021-11-21T15:17:35","guid":{"rendered":"https:\/\/www.sahrapuu.fi\/?page_id=162"},"modified":"2024-03-01T13:02:00","modified_gmt":"2024-03-01T13:02:00","slug":"sahrapuu-oy","status":"publish","type":"page","link":"https:\/\/www.sahrapuu.fi\/","title":{"rendered":"Puusep\u00e4n palvelut kolmannessa polvessa"},"content":{"rendered":"\n\n\t<p>Sahrapuun juuret ovat kasvaneet 1950-luvulta alkaen, kun isois\u00e4ni valoi puuverstaan perustukset kotinsa pihapiiriin Jyv\u00e4skyl\u00e4ss\u00e4. Sahrapuu Oy jatkaa isois\u00e4ni viitoittamalla tiell\u00e4 ja verstaassa valmistuvatkin taas monenlaiset tilaustuotteet.<\/p>\n<p>Valmistamme monenlaisia tuotteita puusta. Kalusteiden valmistaminen kuuluu l\u00e4hes jokap\u00e4iv\u00e4isiin askareisiimme. Meill\u00e4 on monipuolinen osaaminen ja nykyaikainen laitekanta, kysy rohkeasti, autamme mielell\u00e4mme.<\/p>\n<p>Muita t\u00f6it\u00e4 mm. pienremontit, mittatilausty\u00f6t, maalaukset ja pintaremontit, kalusteasennukset.<\/p>\n<p>Kehit\u00e4mme tuotteillemme parhaillaan verkkokauppaa.<\/p>\n\t\t\t<a href=\"\" target=\"_self\" role=\"button\" rel=\"noopener\">\n\t\t\t\t\t\t\tP\u00e4\u00e4set t\u00e4st\u00e4 pian verkkokauppaan\n\t\t\t<\/a>\n<h2>\n\t\tOta yhteytt\u00e4!\n\t<\/h2>\n\t<p>Etsitk\u00f6 perint\u00f6huonekalulle kunnostajaa? Sinulla on ajatus huonekalusta jonka tarvitsisit, mutta et l\u00f6yd\u00e4 mieluista valmiina? Suunnitteletko kodin remonttia?<\/p>\n<p>Ota yhteytt\u00e4 ja kerromme kuinka voisimme olla avuksi!<\/p>\nSahrapuu Oy<br \/>\nSahra 3, Jyv\u00e4skyl\u00e4<br \/>\nY-tunnus: 3238958-3<br \/>\nPuh. 0440 887 518<br \/>\n<a href=\"mailto:jyrki.paananen@sahrapuu.fi\" target=\"_blank\" rel=\"nofollow noreferrer noopener\">myynti@sahrapuu.fi<\/a>\n<p>P\u00e4ivitetyt uutiset ja ty\u00f6n\u00e4ytteit\u00e4 l\u00f6yd\u00e4t Instagram ja Facebook -sivuiltamme.<\/p>\n\t\t\t<a href=\"\" target=\"_self\" role=\"button\" rel=\"noopener\">\n\t\t\t\t\t\t\tP\u00e4\u00e4set t\u00e4st\u00e4 pian verkkokauppaan\n\t\t\t<\/a>\n<h2>\n\t\tSahrapuun tarina\n\t<\/h2>\n\t<p><em>Isois\u00e4ni rakensi Jyv\u00e4skyl\u00e4\u00e4n Kuokkalaan puuverstaan kotinsa pihapiiriin ja el\u00e4tti perheens\u00e4 puusep\u00e4n palveluilla. T\u00e4t\u00e4 ty\u00f6t\u00e4 jatkoi my\u00f6s minun is\u00e4ni. Verstaassa ovat valmistuneet mm. lukuisat ovet ja ikkunat omakotirakentajille, kaappikellot, soittimet. <\/em><\/p>\n<p><em>Aivan pikkupojasta asti olen sitke\u00e4sti raotellut puuverstaan painavaa ovea ja saanut olla mukana oppimassa kuinka puu taipuu monenlaiseen tarpeeseen. Lopulta isois\u00e4ni talo ja verstas siirtyiv\u00e4t omistukseeni ja sujahtelin jo varsin kevyeksi k\u00e4yneest\u00e4 verstaan ovesta sis\u00e4\u00e4n luodakseni ihan vain harrastuksen vuoksi itselle ja tuttaville tarpeellisia tuotteita.<\/em><\/p>\n<p>Tuo verstaan tuoksu ja puunpinnan tuntu sormenp\u00e4iden alla on aina siivitt\u00e4nyt haaveitani omasta liiketoiminnasta ja olen herkutellut ajatuksella tehd\u00e4 intohimosta ammatin. Aikani huoneistoremonttien parissa ty\u00f6skennelty\u00e4ni nikkaroin tarpeellisen m\u00e4\u00e4r\u00e4n itseluottamusta itseeni perustaakseni Sahrapuu Oy:n vuonna 2021.<\/p>\n\n","protected":false},"excerpt":{"rendered":"<p>Sahrapuun juuret ovat kasvaneet 1950-luvulta alkaen, kun isois\u00e4ni valoi puuverstaan perustukset kotinsa pihapiiriin Jyv\u00e4skyl\u00e4ss\u00e4. Sahrapuu Oy jatkaa isois\u00e4ni viitoittamalla tiell\u00e4<\/p>\n<p><a href=\"https:\/\/www.sahrapuu.fi\/\" class=\"more-link\">Lue lis\u00e4\u00e4&#8230;<span class=\"screen-reader-text\">Puusep\u00e4n palvelut kolmannessa polvessa<\/span><\/a><\/p>\n","protected":false},"author":1,"featured_media":0,"parent":0,"menu_order":0,"comment_status":"closed","ping_status":"closed","template":"","meta":[],"_links":{"self":[{"href":"https:\/\/www.sahrapuu.fi\/index.php\/wp-json\/wp\/v2\/pages\/162"}],"collection":[{"href":"https:\/\/www.sahrapuu.fi\/index.php\/wp-json\/wp\/v2\/pages"}],"about":[{"href":"https:\/\/www.sahrapuu.fi\/index.php\/wp-json\/wp\/v2\/types\/page"}],"author":[{"embeddable":true,"href":"https:\/\/www.sahrapuu.fi\/index.php\/wp-json\/wp\/v2\/users\/1"}],"replies":[{"embeddable":true,"href":"https:\/\/www.sahrapuu.fi\/index.php\/wp-json\/wp\/v2\/comments?post=162"}],"version-history":[{"count":19,"href":"https:\/\/www.sahrapuu.fi\/index.php\/wp-json\/wp\/v2\/pages\/162\/revisions"}],"predecessor-version":[{"id":230,"href":"https:\/\/www.sahrapuu.fi\/index.php\/wp-json\/wp\/v2\/pages\/162\/revisions\/230"}],"wp:attachment":[{"href":"https:\/\/www.sahrapuu.fi\/index.php\/wp-json\/wp\/v2\/media?parent=162"}],"curies":[{"name":"wp","href":"https:\/\/api.w.org\/{rel}","templated":true}]}}

Puusepän palvelut kolmannessa polvessa

<p>Sahrapuun juuret ovat kasvaneet 1950-luvulta alkaen, kun isoisäni valoi puuverstaan perustukset kotinsa pihapiiriin Jyväskylässä. Sahrapuu Oy jatkaa isoisäni viitoittamalla tiellä ja verstaassa valmistuvatkin taas monenlaiset tilaustuotteet.</p>
<p>Valmistamme monenlaisia tuotteita puusta. Kalusteiden valmistaminen kuuluu lähes jokapäiväisiin askareisiimme. Meillä on monipuolinen osaaminen ja nykyaikainen laitekanta, kysy rohkeasti, autamme mielellämme.</p>
<p>Muita töitä mm. pienremontit, mittatilaustyöt, maalaukset ja pintaremontit, kalusteasennukset.</p>
<p>Kehitämme tuotteillemme parhaillaan verkkokauppaa.</p>
			<a href="" target="_self" role="button" rel="noopener">
							Pääset tästä pian verkkokauppaan
			</a>
<h2>
		Ota yhteyttä!
	</h2>
	<p>Etsitkö perintöhuonekalulle kunnostajaa? Sinulla on ajatus huonekalusta jonka tarvitsisit, mutta et löydä mieluista valmiina? Suunnitteletko kodin remonttia?</p>
<p>Ota yhteyttä ja kerromme kuinka voisimme olla avuksi!</p>
Sahrapuu Oy<br />
Sahra 3, Jyväskylä<br />
Y-tunnus: 3238958-3<br />
Puh. 0440 887 518<br />
<a href="mailto:jyrki.paananen@sahrapuu.fi" target="_blank" rel="nofollow noreferrer noopener">myynti@sahrapuu.fi</a>
<p>Päivitetyt uutiset ja työnäytteitä löydät Instagram ja Facebook -sivuiltamme.</p>
			<a href="" target="_self" role="button" rel="noopener">
							Pääset tästä pian verkkokauppaan
			</a>
<h2>
		Sahrapuun tarina
	</h2>
	<p><em>Isoisäni rakensi Jyväskylään Kuokkalaan puuverstaan kotinsa pihapiiriin ja elätti perheensä puusepän palveluilla. Tätä työtä jatkoi myös minun isäni. Verstaassa ovat valmistuneet mm. lukuisat ovet ja ikkunat omakotirakentajille, kaappikellot, soittimet. </em></p>
<p><em>Aivan pikkupojasta asti olen sitkeästi raotellut puuverstaan painavaa ovea ja saanut olla mukana oppimassa kuinka puu taipuu monenlaiseen tarpeeseen. Lopulta isoisäni talo ja verstas siirtyivät omistukseeni ja sujahtelin jo varsin kevyeksi käyneestä verstaan ovesta sisään luodakseni ihan vain harrastuksen vuoksi itselle ja tuttaville tarpeellisia tuotteita.</em></p>
<p>Tuo verstaan tuoksu ja puunpinnan tuntu sormenpäiden alla on aina siivittänyt haaveitani omasta liiketoiminnasta ja olen herkutellut ajatuksella tehdä intohimosta ammatin. Aikani huoneistoremonttien parissa työskenneltyäni nikkaroin tarpeellisen määrän itseluottamusta itseeni perustaakseni Sahrapuu Oy:n vuonna 2021.</p>

<p>Sahrapuun juuret ovat kasvaneet 1950-luvulta alkaen, kun isoisäni valoi puuverstaan perustukset kotinsa pihapiiriin Jyväskylässä. Sahrapuu Oy jatkaa isoisäni viitoittamalla tiellä</p>
<p><a href="https://www.sahrapuu.fi/" class="more-link">Lue lisää&#8230;<span class="screen-reader-text">Puusepän palvelut kolmannessa polvessa</span></a></p>
